Let g(l) = 432*l - 13930. Calculate g(33).
326
Let b(y) = 13*y - 982. Determine b(12).
-826
Let q(l) = 24*l**3 + 839*l**2 - 1826*l - 484. Give q(-37).
-3
Let t(i) = 13*i**3 - 4929*i**2 - 4179*i - 373. Determine t(380).
7
Let j(c) = -4149*c + 99166. What is j(24)?
-410
Let k(u) = -817*u**2 - 1944*u + 9. What is k(-3)?
-1512
Let s(d) = 516*d + 84621. What is s(-164)?
-3
Let g(r) = -24*r**2 + 191*r + 274. What is g(8)?
266
Let v(r) = 32*r**2 - 28*r - 13. Calculate v(0).
-13
Let g(p) = -61*p**2 + 10271*p + 20694. Give g(-2).
-92
Let v(u) = -8*u**2 - 19*u - 771. Calculate v(15).
-2856
Let q(y) = -7007*y + 48588. Give q(7).
-461
Let o(i) = i**3 - 308*i**2 - 2534*i + 303335. What is o(313)?
38
Let j(p) = p**3 + 383*p**2 + 1464*p - 19708. Calculate j(-379).
0
Let z(b) = -12*b**2 + 68*b + 1206. Calculate z(-8).
-106
Let a(c) = -1976*c + 2551. What is a(1)?
575
Let j(q) = 4027*q - 35009. Calculate j(8).
-2793
Let u(b) = -44935*b - 134060. What is u(-3)?
745
Let x(t) = -3*t**2 + 800*t + 786. Determine x(-1).
-17
Let y(x) = x**3 + 2*x**2 - 10*x - 37. Determine y(9).
764
Let k(u) = 3*u**3 - 87*u**2 + 79*u - 22. Calculate k(28).
-162
Let k(s) = -130*s - 2003. What is k(-17)?
207
Let u(r) = -1539*r + 69166. What is u(45)?
-89
Let z(n) = 135*n**2 + 2807*n - 14008. Determine z(5).
3402
Let b(o) = o**3 + 24*o**2 + 93*o - 218. Calculate b(-19).
-180
Let c(f) = f**2 + 658*f + 107809. Give c(-350).
9
Let q(s) = 4*s**2 - 6*s - 537. Give q(-7).
-299
Let j(a) = a**3 - 51*a**2 + 227*a + 928. Give j(8).
-8
Let d(g) = -51*g**2 + 1251*g - 10057. Calculate d(8).
-3313
Let a(b) = 166532*b + 333081. Determine a(-2).
17
Let u(n) = 2*n**2 + 27266*n + 190827. Give u(-7).
63
Let a(c) = -164*c - 290. Calculate a(3).
-782
Let r(b) = 18486*b + 739564. Give r(-40).
124
Let n(p) = -96616*p + 26182948. Give n(271).
12
Let s(d) = 5*d**2 + 358*d + 6218. Determine s(-29).
41
Let v(l) = 5823*l - 285311. Calculate v(49).
16
Let u(r) = 2*r**3 + 103*r**2 - 167*r - 5954. Calculate u(-52).
26
Let b(k) = -341*k - 5811. What is b(-16)?
-355
Let w(p) = 40240*p - 21246715. Determine w(528).
5
Let b(q) = 99*q**2 + 714*q + 7. What is b(0)?
7
Let n(i) = -2*i**3 - 123*i**2 - 406*i - 37286. Determine n(-63).
199
Let n(d) = d**3 + 241*d**2 + 12055*d - 1337. Determine n(-71).
-272
Let z(l) = -841*l + 103529. What is z(128)?
-4119
Let q(j) = -2*j**2 - 1094*j + 43206. Give q(37).
-10
Let i(k) = -54257*k + 1302159. What is i(24)?
-9
Let g(x) = 42*x**2 - 3092*x - 88347. Determine g(-22).
5
Let i(r) = 548*r + 6690. Give i(-11).
662
Let r(m) = -m**3 + 84*m**2 - 1581*m - 76. Give r(28).
-440
Let c(h) = -h**3 + 51*h**2 + 306*h - 15558. What is c(51)?
48
Let m(b) = 3*b**2 - 134173*b + 268359. Give m(2).
25
Let u(v) = -3*v**2 - 32*v - 14. What is u(-8)?
50
Let r(i) = -i**3 - 49*i**2 - 5468*i - 275861. Determine r(-50).
39
Let n(i) = i**3 + 2*i**2 - 181826*i - 4. Calculate n(0).
-4
Let v(b) = -2*b**3 - 26*b**2 - 47*b + 123. Calculate v(-6).
-99
Let p(r) = 96*r + 18325. Give p(-191).
-11
Let s(d) = -d**2 + 2361*d + 64563. Calculate s(-27).
87
Let h(t) = -3051*t - 472740. Determine h(-155).
165
Let j(n) = 2*n**2 + 39*n - 633. Calculate j(15).
402
Let g(a) = a**3 + 547*a**2 + 12023*a - 15198. Determine g(-524).
-2
Let w(d) = 20455*d + 2802331. What is w(-137)?
-4
Let q(k) = 23765*k + 190066. Determine q(-8).
-54
Let v(y) = 1739*y - 220779. What is v(127)?
74
Let j(a) = -1048*a**2 - 8425*a - 324. Determine j(-8).
4
Let j(r) = r**2 - 130*r - 16405. Determine j(-78).
-181
Let o(u) = -3*u**3 + 219*u**2 + 225*u + 152. Calculate o(74).
374
Let s(q) = -28*q**2 + 1010*q - 5067. Give s(6).
-15
Let y(x) = -624894*x + 18121928. What is y(29)?
2
Let r(l) = 2*l**2 - 21050*l + 336157. Give r(16).
-131
Let i(r) = -4*r**2 + 1499*r + 294183. Give i(517).
10
Let o(w) = w**3 - 63*w**2 - 335*w - 507. What is o(68)?
-167
Let h(b) = -5*b**2 + 1621*b - 116129. What is h(107)?
73
Let b(v) = 399*v**2 + 63*v + 64. Calculate b(-1).
400
Let s(r) = r**3 - 69*r**2 - 35*r + 7008. What is s(68)?
4
Let g(p) = 2*p**3 + 130*p**2 - 146*p - 478. What is g(-66)?
446
Let u(o) = o**2 - 102*o - 7801. What is u(153)?
2
Let m(r) = -213*r - 161. What is m(-2)?
265
Let a(w) = 20990*w - 5940162. Give a(283).
8
Let y(o) = 1978*o - 41558. Determine y(21).
-20
Let r(o) = -151*o**2 + 35905*o + 7857. What is r(238)?
3
Let d(o) = -3700*o + 18243. Determine d(5).
-257
Let r(u) = 2001*u + 422225. What is r(-211)?
14
Let z(w) = 3*w**3 - 10*w**2 - 176*w + 511. Determine z(8).
-1
Let f(r) = -5218*r + 44468. Calculate f(8).
2724
Let h(b) = -337*b - 10429. Give h(-25).
-2004
Let r(c) = 2*c**2 - 674506*c - 4721615. Calculate r(-7).
25
Let s(p) = -24858*p - 1292624. Determine s(-52).
-8
Let i(a) = -38218*a**2 - 76415*a + 39. Give i(-2).
-3
Let l(u) = 4*u**3 - 1074*u**2 + 530*u + 1062. Give l(268).
-546
Let p(i) = -179*i + 3302. What is p(18)?
80
Let f(c) = 11*c**2 + 55*c - 872. Give f(7).
52
Let y(w) = 2*w**3 - 291*w**2 - 1470*w - 173. Calculate y(-5).
-348
Let v(z) = 2*z**3 - 125*z**2 - 31*z - 2454. What is v(63)?
-438
Let r(p) = -2*p**3 + 369*p**2 - 5507*p - 6226. Determine r(168).
-10
Let l(y) = 2*y**3 + 36*y**2 + 62*y + 1882. Calculate l(-19).
-18
Let d(a) = 2*a**2 + 208*a + 1497. Give d(-98).
321
Let b(n) = 133*n - 10215. Give b(86).
1223
Let z(o) = -949*o - 29417. What is z(-31)?
2
Let q(u) = -105175*u - 210354. Calculate q(-2).
-4
Let h(a) = 1433*a - 113225. What is h(79)?
-18
Let h(u) = 12*u**2 - 581*u + 1135. Determine h(2).
21
Let y(q) = 3*q**3 - 19*q**2 + 1361*q - 10906. What is y(8)?
302
Let o(w) = 43*w**3 - 4*w**2 - 59*w + 149. Calculate o(3).
1097
Let q(k) = 2075265*k - 12451594. Give q(6).
-4
Let q(y) = y**3 + 17*y**2 + 33*y - 2. Calculate q(0).
-2
Let s(o) = -3*o**3 - 100*o**2 + 1068*o - 629. Give s(8).
-21
Let m(o) = -o**2 - 38230*o - 2975871. Give m(-78).
-15
Let b(t) = -2*t**3 - 215*t**2 - 140*t - 1589. Determine b(-107).
1942
Let b(s) = -10162652*s - 81301208. What is b(-8)?
8
Let g(y) = -y**3 + 299*y**2 - 449*y + 44994. Give g(298).
-4
Let z(o) = -o**2 + 1240*o - 178282. Calculate z(1074).
2
Let k(f) = -f**2 + 35599*f + 178014. Calculate k(-5).
-6
Let o(h) = h**2 + 5261*h - 52708. Give o(10).
2
Let q(r) = 2*r**2 + 181*r - 13388. Determine q(47).
-463
Let j(n) = n**3 - 2*n**2 + 269*n - 84. Give j(0).
-84
Let v(w) = 3*w**2 + 227*w + 2780. Determine v(-13).
336
Let g(i) = -377*i + 1180. What is g(9)?
-2213
Let i(q) = q**3 - 17*q**2 + 93*q + 31. Give i(8).
199
Let q(y) = -10196*y + 91774. Give q(9).
10
Let q(x) = 280*x**3 - 2533*x**2 - 13*x - 1. Calculate q(9).
-1171
Let y(m) = -644*m + 13915. Give y(22).
-253
Let n(u) = -u**3 - 12*u**2 + 266*u - 148. What is n(11)?
-5
Let l(c) = -10214*c + 1746609. What is l(171)?
15
Let a(v) = 4757*v - 52324. Give a(11).
3
Let f(h) = -3808*h + 60906. Give f(16).
-22
Let y(k) = k**2 + 102*k - 7252. Calculate y(-150).
-52
Let y(m) = 22*m**2 - 254*m - 1133. Give y(15).
7
Let b(j) = 16642*j + 3062143. What is b(-184)?
15
Let t(j) = j**3 - 8*j**2 + 326*j - 5206. Determine t(13).
-123
Let r(g) = 2*g**3 + 7*g**2 - 97*g + 363. Calculate r(4).
215
Let a(p) = 2567*p + 71888. What is a(-28)?
12
Let o(c) = -8*c**2 - 12*c - 26. Determine o(-12).
-1034
Let u(z) = 8*z**2 - 135*z - 1261. Calculate u(-9).
602
Let o(t) = -2*t**3 + 190*t - 5147. Determine o(-16).
5
Let d(y) = y**2 + 847*y - 395966. Give d(335).
4
Let k(t) = -44*t**2 + 807*t - 2408. Give k(3).
-383
Let m(n) = -n**3 - 2*n**2 + 80*n + 608. Determine m(-6).
272
Let g(t) = t**3 + 66*t**2 + 210*t + 13815. What is g(-66)?
-45
Let z(k) = -1343*k + 97809. Give z(77).
-5602
Let s(c) = -93*c + 7470. Give s(80).
30
Let f(v) = -275*v**2 - 838*v - 1. Determine f(-3).
38
Let w(p) = -9767*p - 29342. What is w(-3)?
-41
Let c(t) = -2493*t + 24794. Give c(10).
-136
Let c(s) = -4559*s - 1572868. What is c(-345)?
-13
Let r(s) = 3*s**2 - 158*s - 2495. Give r(64).
-319
Let x(w) = -554*w**2 - 1655*w + 3. Give x(-3).
-18
Let a(t) = -t**3 + 22*t**2 + 10094*t - 222064. Calculate a(22).
4
Let d(j) = 1089*j + 14141. Determine d(-13).
-16
Let c(y) = -5*y**3 + 72*y**2 + 351*y - 4714. What is c(15)?
-124
Let l(n) = -32*n**2 + 2164*n - 1409. Determine l(67).
-69
Let d(s) = 9940*s - 14253961. Calculate d(1434).
-1
Let b(a) = 4*a**3 - 168*a**2 - 64*a - 65. Determine b(42).
-2753
Let p(k) = -k**3 - 8*k**2 +